 111.
90
What is the remainder when 1678 is divided by 48?
46
Calculate the remainder when 877 is divided by 235.
172
Calculate the remainder when 15040 is divided by 218.
216
Calculate the remainder when 448 is divided by 91.
84
Calculate the remainder when 188 is divided by 33.
23
Calculate the remainder when 171 is divided by 42.
3
What is the remainder when 57 is divided by 26?
5
Calculate the remainder when 544 is divided by 13.
11
What is the remainder when 486 is divided by 49?
45
Calculate the remainder when 445 is divided by 434.
11
What is the remainder when 47 is divided by 9?
2
What is the remainder when 221 is divided by 25?
21
What is the remainder when 100 is divided by 11?
1
What is the remainder when 323 is divided by 92?
47
Calculate the remainder when 153 is divided by 96.
57
What is the remainder when 139 is divided by 30?
19
Calculate the remainder when 158 is divided by 81.
77
Calculate the remainder when 2160 is divided by 63.
18
What is the remainder when 782 is divided by 131?
127
What is the remainder when 148 is divided by 38?
34
Calculate the remainder when 826 is divided by 37.
12
Calculate the remainder when 434 is divided by 98.
42
What is the remainder when 4158 is divided by 181?
176
Calculate the remainder when 1013 is divided by 334.
11
Calculate the remainder when 641 is divided by 161.
158
What is the remainder when 6219 is divided by 17?
14
Calculate the remainder when 498 is divided by 24.
18
Calculate the remainder when 6199 is divided by 188.
183
What is the remainder when 26 is divided by 22?
4
Calculate the remainder when 118 is divided by 37.
7
What is the remainder when 181 is divided by 4?
1
Calculate the remainder when 59 is divided by 32.
27
What is the remainder when 12989 is divided by 183?
179
Calculate the remainder when 335 is divided by 56.
55
Calculate the remainder when 2694 is divided by 31.
28
Calculate the remainder when 241 is divided by 93.
55
What is the remainder when 2259 is divided by 75?
9
Calculate the remainder when 512 is divided by 190.
132
Calculate the remainder when 2076 is divided by 77.
74
Calculate the remainder when 3832 is divided by 65.
62
What is the remainder when 112 is divided by 16?
0
What is the remainder when 3118 is divided by 130?
128
What is the remainder when 636 is divided by 161?
153
Calculate the remainder when 119 is divided by 67.
52
What is the remainder when 93 is divided by 7?
2
Calculate the remainder when 3678 is divided by 9.
6
Calculate the remainder when 2916 is divided by 34.
26
Calculate the remainder when 360 is divided by 14.
10
What is the remainder when 231 is divided by 13?
10
Calculate the remainder when 4321 is divided by 2153.
15
Calculate the remainder when 3694 is divided by 112.
110
Calculate the remainder when 190 is divided by 67.
56
What is the remainder when 1364 is divided by 6?
2
Calculate the remainder when 5699 is divided by 25.
24
Calculate the remainder when 30 is divided by 7.
2
What is the remainder when 2332 is divided by 217?
162
What is the remainder when 94 is divided by 23?
2
Calculate the remainder when 1288 is divided by 30.
28
Calculate the remainder when 1045 is divided by 14.
9
Calculate the remainder when 44 is divided by 23.
21
Calculate the remainder when 1665 is divided by 88.
81
Calculate the remainder when 106 is divided by 53.
0
What is the remainder when 264 is divided by 62?
16
Calculate the remainder when 4076 is divided by 8.
4
Calculate the remainder when 146 is divided by 56.
34
What is the remainder when 43 is divided by 23?
20
What is the remainder when 28 is divided by 10?
8
What is the remainder when 224 is divided by 82?
60
What is the remainder when 64 is divided by 28?
8
What is the remainder when 121 is divided by 21?
16
What is the remainder when 1040 is divided by 95?
90
What is the remainder when 1878 is divided by 20?
18
Calculate the remainder when 61 is divided by 6.
1
What is the remainder when 143 is divided by 9?
8
Calculate the remainder when 32 is divided by 9.
5
What is the remainder when 4555 is divided by 57?
52
What is the remainder when 376 is divided by 192?
184
Calculate the remainder when 2676 is divided by 62.
10
What is the remainder when 1239 is divided by 245?
14
Calculate the remainder when 878 is divided by 44.
42
What is the remainder when 470 is divided by 76?
14
Calculate the remainder when 66 is divided by 24.
18
What is the remainder when 119 is divided by 18?
11
Calculate the remainder when 80 is divided by 79.
1
What is the remainder when 18823 is divided by 104?
103
Calculate the remainder when 104 is divided by 63.
41
Calculate the remainder when 259 is divided by 29.
27
What is the remainder when 200 is divided by 7?
4
Calculate the remainder when 252 is divided by 32.
28
What is the remainder when 1437 is divided by 179?
5
What is the remainder when 1336 is divided by 224?
216
What is the remainder when 778 is divided by 27?
22
What is the remainder when 202 is divided by 26?
20
What is the remainder when 157 is divided by 47?
16
Calculate the remainder when 830 is divided by 17.
14
What is the remainder when 10870 is divided by 15?
10
What is the remainder when 55703 is divided by 422?
421
What is the remainder when 398 is divided by 105?
83
Calculate the remainder when 1938 is divided by 121.
2
Calculate the remainder when 666 is divided by 209.
39
What is the remainder when 42 is divided by 21?
0
What is the remainder when 31 is divided by 15?
1
Calculate the remainder when 938 is divided by 17.
3
Calculate the remainder when 278 is divided by 93.
92
What is the remainder when 103 is divided by 52?
51
Calculate the remainder when 52 is divided by 16.
4
Calculate the remainder when 481 is divided by 61.
54
What is the remainder when 644 is divided by 316?
12
Calculate the remainder when 1993 is divided by 90.
13
What is the remainder when 433 is divided by 211?
11
Calculate the remainder when 115 is divided by 42.
31
Calculate the remainder when 641 is divided by 214.
213
What is the remainder when 68 is divided by 5?
3
What is the remainder when 1195 is divided by 169?
12
What is the remainder when 2349 is divided by 109?
60
What is the remainder when 8319 is divided by 219?
216
Calculate the remainder when 83 is divided by 54.
29
What is the remainder when 182 is divided by 90?
2
Calculate the remainder when 667 is divided by 20.
7
What is the remainder when 271 is divided by 89?
4
Calculate the remainder when 1364 is divided by 39.
38
What is the remainder when 2671 is divided by 159?
127
What is the remainder when 3335 is divided by 22?
13
What is the remainder when 33837 is divided by 40?
37
Calculate the remainder when 181 is divided by 118.
63
What is the remainder when 75 is divided by 67?
8
What is the remainder when 61647 is divided by 150?
147
What is the remainder when 1680 is divided by 29?
27
Calculate the remainder when 153 is divided by 109.
44
What is the remainder when 868 is divided by 55?
43
What is the remainder when 1370 is divided by 229?
225
What is the remainder when 368 is divided by 151?
66
Calculate the remainder when 7655 is divided by 27.
14
What is the remainder when 189 is divided by 149?
40
What is the remainder when 76 is divided by 12?
4
Calculate the remainder when 92 is divided by 51.
41
Calculate the remainder when 239 is divided by 122.
117
What is the remainder when 1135 is divided by 376?
7
What is the remainder when 486 is divided by 148?
42
Calculate the remainder when 747 is divided by 75.
72
Calculate the remainder when 7173 is divided by 276.
273
What is the remainder when 2009 is divided by 106?
101
Calculate the remainder when 2229 is divided by 12.
9
Calculate the remainder when 289 is divided by 74.
67
Calculate the remainder when 101 is divided by 13.
10
What is the remainder when 150715 is divided by 82?
81
Calculate the remainder when 439 is divided by 17.
14
What is the remainder when 223 is divided by 46?
39
Calculate the remainder when 57 is divided by 18.
3
What is the remainder when 243 is divided by 63?
54
Calculate the remainder when 160 is divided by 57.
46
Calculate the remainder when 4194 is divided by 523.
10
Calculate the remainder when 97 is divided by 94.
3
What is the remainder 